-1210856?
1210857
In base 8, what is 40240 - -3?
40243
In base 8, what is 4 - 234760?
-234754
In base 13, what is 184 + 2ba?
471
In base 8, what is 156020 - -12?
156032
In base 16, what is -36 + -336?
-36c
In base 5, what is -14233 + 311?
-13422
In base 11, what is -3 - 8772a?
-87732
In base 15, what is -146a - -13?
-1457
In base 15, what is -be + 170?
a1
In base 4, what is -13222 - -2?
-13220
In base 6, what is 22121351 + -4?
22121343
In base 15, what is -3b74c - -5?
-3b747
In base 5, what is 1422242 + 2?
1422244
In base 6, what is 5124021 + 3?
5124024
In base 9, what is -3 - 25438?
-25442
In base 9, what is -2 + -1387347?
-1387350
In base 7, what is -1510153 - 5?
-1510161
In base 4, what is -20003012 - 3?
-20003021
In base 5, what is 42414 + 233?
43202
In base 4, what is -300001202 - 3?
-300001211
In base 8, what is -3 - -14011?
14006
In base 8, what is 106205 + -51?
106134
In base 12, what is 35b + 5781?
5b20
In base 7, what is 10 - 6332?
-6322
In base 15, what is e2ae + -1?
e2ad
In base 14, what is d + -142d5?
-142c6
In base 3, what is 20 - 121000010?
-120222220
In base 5, what is 100411 + -3?
100403
In base 6, what is 153044 + -55?
152545
In base 14, what is -13 - -b93?
b80
In base 14, what is dd26 - c?
dd18
In base 3, what is -201022 - -1?
-201021
In base 15, what is 1 + eec6?
eec7
In base 2, what is 110 - 11001111101101?
-11001111100111
In base 8, what is 5 - 1332416?
-1332411
In base 3, what is 20200 - 121001?
-100101
In base 14, what is 22 - -40?
62
In base 8, what is 375 - 1053?
-456
In base 2, what is -101111011 + -1011000?
-111010011
In base 12, what is 1 + 65215?
65216
In base 2, what is 10010100100111110100 + 100?
10010100100111111000
In base 15, what is -1c7ee + 21?
-1c7cd
In base 12, what is -5 + -24673?
-24678
In base 12, what is 3 - 51055?
-51052
In base 14, what is -35 + 26251?
2621a
In base 8, what is -2063 - 325?
-2410
In base 10, what is -123 + -757?
-880
In base 15, what is -609d - -65?
-6038
In base 13, what is -3 + -3a3019?
-3a301c
In base 6, what is 240132 - 330?
235402
In base 5, what is -1 + -130304?
-130310
In base 7, what is 162330 + -6?
162321
In base 10, what is -17905 + 61?
-17844
In base 16, what is 3 - -5166?
5169
In base 13, what is 0 - 48cbb?
-48cbb
In base 16, what is 6ab - -3?
6ae
In base 16, what is -b655 + 4?
-b651
In base 12, what is 165 - 50?
115
In base 11, what is 4a2a5 + -25?
4a280
In base 6, what is -3 - 12440?
-12443
In base 8, what is 73235 - -50?
73305
In base 10, what is -1 + 709426?
709425
In base 2, what is -11 - 10001110100010111?
-10001110100011010
In base 4, what is -22 - -2013230?
2013202
In base 7, what is 3143453 - -5?
3143461
In base 10, what is -27 + -245?
-272
In base 6, what is 423 - -125?
552
In base 15, what is -bbbc3 - -3?
-bbbc0
In base 6, what is -32 - -4031?
3555
In base 13, what is -27 + -20b35?
-20b5c
In base 2, what is -11 + 10000110110011110?
10000110110011011
In base 5, what is 0 + -24430?
-24430
In base 11, what is 146 - 110?
36
In base 13, what is 9700 + -216?
94b7
In base 10, what is -14352 + -50?
-14402
In base 3, what is 212020000201 + 0?
212020000201
In base 8, what is -124345 - 14?
-124361
In base 7, what is 1 - -42265?
42266
In base 11, what is -66493 + 3?
-66490
In base 11, what is 64 - -1196?
124a
In base 13, what is -3336b8 - -1?
-3336b7
In base 11, what is 1 + -600878?
-600877
In base 14, what is 3 + 1d1dc?
1d201
In base 6, what is 112334 + -303?
112031
In base 9, what is -147857 - -1?
-147856
In base 2, what is 101011011 + -1101001?
11110010
In base 16, what is 49 + 59c?
5e5
In base 2, what is -111101011000100 + -100000?
-111101011100100
In base 10, what is -12 - -19820?
19808
In base 6, what is 35452225 + -3?
35452222
In base 7, what is -1604 - -6235?
4331
In base 8, what is -117 - 6211?
-6330
In base 4, what is -2 - -102210?
102202
In base 5, what is 14020133 - -1?
14020134
In base 9, what is 3 - 2200431?
-2200427
In base 8, what is 1600 + 20?
1620
In base 15, what is -35b5 - -14?
-35a1
In base 5, what is 1032313 + -13?
1032300
In base 8, what is -40 - 51125?
-51165
In base 15, what is 93b3 + -3?
93b0
In base 4, what is -2111212 - 30?
-2111302
In base 8, what is 1171 - 511?
460
In base 4, what is -10 - -221202?
221132
In base 9, what is 27 + -18885?
-18857
In base 13, what is -3 - -23c6c?
23c69
In base 11, what is -534 - -11?
-523
In base 11, what is 6 - 21465?
-2145a
In base 15, what is -3 - -a4b75?
a4b72
In base 9, what is 3 + 83828?
83832
In base 13, what is -4 + 9b1?
9aa
In base 11, what is -4 + -15708?
-15711
In base 12, what is 887 - -185?
a50
In base 8, what is -435 - 7221?
-7656
In base 14, what is 77 - 1?
76
In base 3, what is 102010 - -220121?
1022201
In base 9, what is 5 + -3163181?
-3163175
In base 3, what is -10 + 22121002?
22120222
In base 12, what is -1730 + 4?
-1728
In base 12, what is -6 + 20b84?
20b7a
In base 14, what is -856 + -132?
-988
In base 7, what is -423532 - -115?
-423414
In base 9, what is 10 - 305327?
-305317
In base 4, what is -11330 + 121012?
103022
In base 9, what is 12 - 11746?
-11734
In base 11, what is -24742 - 2?
-24744
In base 2, what is 11000000100110 - 0?
11000000100110
In base 8, what is -36224 - -2?
-36222
In base 9, what is 53 + 2652?
2715
In base 12, what is 4 - -a04?
a08
In base 9, what is 252 + 347?
610
In base 13, what is -c1 - 13?
-104
In base 6, what is -2102112 - -4?
-2102104
In base 7, what is 5 - -40036?
40044
In base 10, what is 1681 + 47?
1728
In base 15, what is -1 + -3930?
-3931
In base 7, what is -4303663 - 2?
-4303665
In base 11, what is -179 - -416?
248
In base 10, what is 4 + -100888?
-100884
In base 9, what is 13 + 68486?
68510
In base 6, what is 12143 + 12?
12155
In base 14, what is -9ab0 - -4?
-9aaa
In base 8, what is -14 + -3152?
-3166
In base 5, what is -1422022413 - -2?
-1422022411
In base 2, what is 1110001001010 + 1011101?
1110010100111
In base 3, what is -10 + -10212121?
-10212201
In base 14, what is 1585 - -9c?
1643
In base 8, what is -15 + -10145?
-10162
In base 10, what is 250 + 41?
291
In base 13, what is a63a + 23?
a660
In base 8, what is 17561 - -212?
17773
In base 15, what is a + 38bd4?
38bde
In base 8, what is -5102 + 47?
-5033
In base 15, what is 69c - 5?
697
In base 15, what is 67 - 34a1?
-3439
In base 9, what is -4 + -25380?
-25384
In base 7, what is -12203243 + -4?
-12203250
In base 5, what is -442 + 1411?
414
In base 6, what is -14505 + -1151?
-20100
In base 6, what is 4 - 120000?
-115552
In base 5, what is 1132343 - -33?
1132431
In base 12, what is 138 + -1196?
-105a
In base 15, what is b11a09 - 5?
b11a04
In base 14, what is 5 - -604b?
6052
In base 4, what is 120031 + -11?
120020
In base 13, what is -5 + -225533?
-225538
In base 16, what is -99ab5 - c?
-99ac1
In base 2, what is 1 + -110111110110101?
-110111110110100
In base 7, what is 0 + 1555543?
1555543
In base 5, what is -2012 - -4400?
2333
In base 8, what is 2 - 2044265?
-2044263
In base 6, what is -233 - 1250?
-1523
In base 14, what is -3 + -47dac?
-47db1
In base 9, what is -35400 + 2?
-35387
In base 10, what is 388797 + 2?
388799
In base 15, what is 366 - 56?
310
In base 11, what is -49a3 + -17?
-4a0a
In base 5, what is -34442 - 2244?
-42241
In base 2, what is -100011000001110 + -11?
-100011000010001
In base 5, what is 1043421 - 0?
1043421
In base 12, what is 98b0a - 6?
98b04
In base 16, what is -1a6d + -8?
-1a75
In base 5, what is -10 - -41302040?
41302030
In base 13, what is 7a29 - -a?
7a36
In base 10, what is -11 + -66038?
-66049
In base 10, what is 316 + 453?
769
In base 2, what is 1001000 + 10011010101?
10100011101
In base 12, what is -19579 - 0?
-19579
In base 16, what is -43 + 6c1?
67e
In base 3, what is -2000 - 102222021?
-110001021
In base 10, what is -4 + 358681?
358677
In base 5, what is -14102423 - 0?
-14102423
In base 7, what is 34 + 14435?
14502
In base 8, what is 42 + 30537?
30601
In base 6, what is -23212505 + 3?
-23212502
In base 5, what is -113 - 14101?
-14214
In base 2, what is 101100010 - 10001101?
11010101
In base 14, what is 6b103 + 3?
6b106
In base 13, what is 157 + -128?
2c
In base 10, what is -17 - 1653?
-1670
In base 16, what is -df - -4a30?
4951
In base 5, what is -13334131 - -1?
-13334130
In base 15, what is -1 - ee43?
-ee44
In base 4, what is -330 + -31322001?
-31322331
In base 10, what